). Let l(c) = 3*c**3 + 2*c**2 + 2*c + 3. Let m(f) = 2*f**3 + f**2 + f + 2. Let q(h) = 3*l(h) - 4*m(h). Calculate q(k).
-3
Let o(g) be the second derivative of 3*g**2 + 0 - 1/12*g**4 - 1/2*g**3 - 2*g. Determine o(-5).
-4
Let u(h) be the third derivative of -1/6*h**3 + 0 + 0*h + 1/8*h**4 - 1/60*h**5 - 5*h**2. Determine u(1).
1
Suppose -6*f = -10*f. Let o be (f/(0 - -2))/(-2). Let h(t) = t**3 + 7. Determine h(o).
7
Let a(v) = -v**2 + v + 2. Let q be a(2). Let d(m) = -2*m + q*m + m. Let z = 106 + -101. What is d(z)?
-5
Let n(g) be the third derivative of 0 - g**3 + 3*g**2 + 0*g + 1/10*g**5 - 1/120*g**6 + 1/24*g**4. What is n(6)?
0
Let y(z) = z**3 - 7*z**2 + 2*z - 8. Suppose 0 = -5*m - v + 40, -6 = 2*m - 0*m - 4*v. Let r be y(m). Let x(o) = o + 1. Calculate x(r).
7
Let t(p) = -4*p + 4. Suppose -2*x - 12 = b + 3*b, 3*x - 4 = 5*b. Let v be (15/(-10))/(1/b). Suppose 3*w + v*m = -w - 3, -2*w - 2*m - 4 = 0. Determine t(w).
-8
Let c(h) = -h**3 + 10*h**2 - 6*h - 20. Let b be c(9). Let k(q) = q**3 - 6*q**2 - 10*q. Calculate k(b).
-21
Let q = -120 + 123. Let l(i) = 2*i**2 + i - 4. Give l(q).
17
Suppose 19*z - 15*z - 12 = 0. Let l(i) = -3*i - 3. Give l(z).
-12
Let j(m) be the third derivative of m**6/120 - 11*m**5/60 - m**4/24 + 5*m**3/2 + 19*m**2. Give j(11).
4
Let i(l) be the third derivative of l**6/120 + l**5/12 - 3*l**4/8 - 7*l**3/6 + 5*l**2. What is i(-6)?
11
Let c(z) = 6*z - 6. Let r(x) = -19*x + 9. Let q(t) = 28*t - 14. Let l(n) = -5*q(n) - 7*r(n). Let u = -3 + 9. Let g(i) = u*c(i) + 5*l(i). Determine g(-3).
-4
Let t be -1 - (-7 + 0) - 1. Let u(o) = o**2 - 5*o + 10*o - 10*o - 5 + 0*o**2. Determine u(t).
-5
Let b(x) be the second derivative of -1/12*x**4 - 2*x + 0 + x**3 - 3*x**2. Let k be (-14)/(-2) + -1 + -1. Calculate b(k).
-1
Suppose -3*w + 8 + 1 = 0. Suppose 5*c - 24 = -2*j - w, 33 = -4*j + 5*c. Let k(h) = -5*h + 2. Let g(a) = 85*a - 35. Let x(f) = j*g(f) - 35*k(f). Determine x(-1).
-5
Let t(v) = -v**3 + 5*v**2 - 4*v + 1. Suppose c - 3*c = -42. Let w be 12*1*7/c. Let l be t(w). Let o(d) = -9*d + 1. Calculate o(l).
-8
Let l(v) = -1 + 7*v - 1 - v**3 + 2*v**3 - 8*v. Determine l(-2).
-8
Let z(l) = -3*l + 1. Let a(s) = -5*s + 1. Let q(r) = -5*a(r) + 8*z(r). Calculate q(5).
8
Let z = 2 + -3. Let s = -2 + z. Let x(r) = -r - 2. What is x(s)?
1
Let u(r) = r**2 + 7*r + 1. Let y be (-66)/21 + (-3)/(-21). Let x be y + (-2 - -1) + -1. Give u(x).
-9
Suppose c + 11 = 3. Let v(y) = -y - 5. Calculate v(c).
3
Let w = 6 + -10. Let d(c) = c**3 + 4*c**2 + 3*c + 1. Determine d(w).
-11
Let l(x) = -x + 1 + 0*x - 7*x**2 + 2*x**2. Let m = 33 + -32. Determine l(m).
-5
Let a(m) = m + 11. Let z be a(-10). Suppose 5*u = -5, u - 1 + 5 = 3*b. Let c(o) = -o**2 - 2*o - o**2 - b + 4*o. What is c(z)?
-1
Let r be 7/2*(20 - 2). Let q be r/13 + 4/26. Suppose 0 = -f - 5, q*f + 20 = -s + 2*s. Let l(w) = -w**3 - 4*w**2 + 5*w - 2. Calculate l(s).
-2
Let o be (3/2)/1 + 52/8. Let c(a) = a**2 - 7*a - 3. Give c(o).
5
Suppose -v - 25 = 4*v. Let w(f) = f + 3. Calculate w(v).
-2
Suppose 0*b + 2*b - 4 = 0. Let v(o) = 4 - 2*o**2 + o + 5*o**2 - 6*o - b*o**2. Calculate v(4).
0
Suppose b + 3 = -3*q - 12, 21 = -3*b - 3*q. Let t(z) = -2*z - 9. Let r be t(-7). Let x(v) = 0*v**2 - r*v + 0*v**2 - 2 - v**2. Calculate x(b).
4
Let y(q) be the third derivative of -q**5/60 + 5*q**4/24 + q**3/6 - 23*q**2. Calculate y(6).
-5
Suppose 6 = -2*f - 2. Let p be (15/12 + 0)*f. Let b(d) = d**2 + 6*d + 5. Let m be b(p). Let g(x) = x**3 + x**2 + 3. What is g(m)?
3
Let j(x) = x**2. Suppose -3*p = -4*s + 4, -s - 6*p + 3*p + 1 = 0. What is j(s)?
1
Let d(w) = -w - 2*w + w - w + 3. Let p be d(2). Let j(c) be the first derivative of c**4/4 + 5*c**3/3 + 3*c**2/2 - 2*c - 1. Give j(p).
7
Suppose -9 = -6*v + 3*v. Suppose -2*z + 3*z - 4*w = -12, -v*z - 5*w = -15. Let n(c) = -c - 1 + 3 + c**2 + z. Give n(2).
4
Let j(r) = -r + 3*r - 11 + 7. Calculate j(4).
4
Let f = 4 - 0. Let z(k) = -3*k**2 + 9*k + 20. Let w(p) = -p**2 + 3*p + 7. Let b(y) = f*z(y) - 11*w(y). Determine b(3).
3
Let c(y) = 5*y**3 + 4*y + 3. Let g(p) = 9*p**3 - p**2 + 7*p + 6. Let v(t) = 7*c(t) - 4*g(t). Give v(4).
-3
Let m(s) = s**2 - 15*s + 23. Let i be m(13). Let b(f) = f**2 + 4*f - 1. Give b(i).
-4
Let a be (4/(-14))/(3/(-21)). Let x(i) = -i**3 + 6*i**2 + 2*i. Let q(u) = 2*u**3 - 7*u**2 - 3*u + 1. Let z(c) = a*q(c) + 3*x(c). Let l = -7 + 3. What is z(l)?
2
Let m(r) = -r**3 - 4*r**2 - 3. Let o be m(-3). Let n(j) = j**3 + 11*j**2 - 11*j + 12. Let a be n(o). Let l(z) = -4 + 5*z + a*z + 2 + z**2. What is l(-4)?
-6
Suppose 3*d - 5*q - 1 = 0, -3*d + 5*d = 2*q + 2. Suppose a - d = -0. Let k(f) = -2*f**2 + f + 2. What is k(a)?
-4
Let o(j) = j**3 + 6*j**2 + j + 5. Let i be o(-6). Let h(c) = 4*c**2 - c - 1. Give h(i).
4
Let x(v) = -5*v**2 + 3*v**3 - 4*v**3 - 26 - 5*v + 24. Determine x(-4).
2
Let g(d) = -d**3 - 5*d**2 - 3*d + 3. Suppose 2*r = -3*r + 15. Suppose -r*j - 12 = -0*j. What is g(j)?
-1
Let g(v) = -3*v - 1. Let d(w) = -12*w - 3. Let k = 11 + -2. Let c(p) = k*g(p) - 2*d(p). Determine c(-3).
6
Let i be 4/(-3)*(-15)/(-5). Let h(l) = l**2 + 4 + 0 - 5*l + 10*l. Determine h(i).
0
Let j be ((-4)/10)/(2/10). Let l(z) = -4*z**2 - 3*z - 3. Determine l(j).
-13
Let l(g) = -g - 5. Let s = 10 - -7. Suppose -2*z - 11 = -3*z. Let x = z - s. Give l(x).
1
Let j(b) be the second derivative of b**4/12 - b**3/6 - 25*b. Give j(3).
6
Suppose -4*t + 3*s = -24, -t + 2*s = -s - 15. Let f(b) = 0*b + t - 1 - b. Let j be (-24)/(-14) + (-4)/(-14). Determine f(j).
0
Let s(y) be the third derivative of -y**5/60 + y**4/24 + y**3/6 + 13*y**2. Determine s(2).
-1
Suppose 0 = -4*m + 17 + 3. Let g(o) = -o**3 + 4*o**2 + 6*o - 1. Give g(m).
4
Let i(j) be the first derivative of 2*j**3/3 + j**2/2 - j - 2. Let o(r) be the first derivative of i(r). Calculate o(2).
9
Let n(o) = -8*o**2 + 9*o + 4. Let a(s) = s**2 + 4*s - 6*s - s + 2*s. Let z(m) = 6*a(m) + n(m). Suppose -5*c + c + 12 = 0. Give z(c).
-5
Let h(z) be the third derivative of -z**4/24 - 11*z**3/3 - 33*z**2. Give h(-9).
-13
Let o(q) = -7*q**2 - 7*q + 1 + 12*q + 3*q**2 - 4*q. What is o(-1)?
-4
Let g(y) = y - 1. Suppose -4*r + 18 = -s, 3*r - 5 = 2*s + 6. Suppose 30 = s*k + 8. Suppose x + 5 = n, -2*x + 4*n = n + k. Give g(x).
-5
Let c(a) = -a**2 + 3*a + 1. Let k(v) = v**2 - 4*v. Let u(p) = 4*c(p) + 3*k(p). Let q be u(3). Let z(y) = y**3 + 5*y**2 - y - 6. Calculate z(q).
-1
Let p(t) = t**3 - 3*t**2 + 2*t + 1. Let c be (6 + (4 - 4))/2. Calculate p(c).
7
Let p(m) = -5 + m**2 - 6*m**2 + m**3 + m + 2 + m. Determine p(4).
-11
Let w(j) = -4*j**3 + 7*j**2 + 7*j - 6. Let x(s) = -s**3 + s**2 + s - 1. Let b(t) = -w(t) + 5*x(t). Let h be -3 + (2 + 1 - 2). Calculate b(h).
5
Let a(p) = -7 + 13 + 6*p - 5. What is a(-1)?
-5
Let i be -4*(1 - (2 + 1)). Suppose -3*v + 6 = 5*w, -2*v + i = 4. Let u(j) = -j**3 + j**2 + 5. Calculate u(w).
5
Suppose t = 5*t - 2*n + 38, -3*t + 5*n - 46 = 0. Let r = -3 - t. Let z be r/(-12) + 14/(-3). Let i(j) = j + 3. Calculate i(z).
-2
Let x(t) = t - 5. Let j = -7 - 0. Calculate x(j).
-12
Let s(f) = 2*f + 5. Let k be s(-6). Let d(q) = q**2 + 7*q. Let l be d(k). Let r be 0/(-1) + l - -1. Let b(p) = 4*p**3 + 2*p - 1. Determine b(r).
5
Let i(t) = 2*t + 1. Let j be i(-2). Suppose -y = n + y - 12, -y + 5 = 0. Let o(r) = -n*r + 3 - 2 + 5*r. Give o(j).
-8
Let o(c) = 13*c**2 + 29*c + 12. Let r(s) = -3*s**2 - 7*s - 3. Let m(u) = -2*o(u) - 9*r(u). Let i = -4 + 0. Calculate m(i).
-1
Let l(j) = j**3 - 4*j**2 - 4*j. Let b = 30 + -23. Suppose -2*v + 3 + b = 0. Determine l(v).
5
Let f(w) be the first derivative of w**3/3 - 3*w**2/2 + 8*w + 4. Determine f(6).
26
Let i be 21/(-27) - (-2)/(-9). Let j be (-2)/(-1) - (0 - 2). Let f(q) = -j*q**2 - 1 - 6*q**3 + q**3 + 6*q**2. Determine f(i).
6
Let p(d) be the third derivative of 1/3*d**3 + 1/60*d**5 + 3*d**2 + 0 + 0*d + 1/4*d**4. Calculate p(-5).
-3
Let b(i) = -5*i. Suppose 4*l = -2*j + j - 26, -j - l = 26. Let u = j + 17. Let p(r) = -r**2 - 9*r + 1. Let t be p(u). Give b(t).
-5
Let o(i) = -6*i**3 - 2*i + 1. Suppose -4*t + 5 = 1. Calculate o(t).
-7
Let u = 4 - 7. Let o = u + 2. Let z(y) = -2*y + 52 + 4*y - 51 - y. Calculate z(o).
0
Suppose 1 = -3*v - 11. Let w(l) = l + 1. Let h(i) = i**2 + 7*i. Let b(y) = -h(y) + 4*w(y). Determine b(v).
0
Let w(o) be the first derivative of -o**3/3 - 9*o**2/2 - 6*o - 5. Give w(-6